 = 3*h - 17 - 0. Let c(a) = -5 + 3*a + 2 + 4*a. Let u be c(h). Calculate the highest common divisor of 48 and u.
16
Let i(a) = 0*a - 1 + 6*a - 2*a + 3 - a**2. Let z be i(4). Suppose -3*l + n = -60 + 17, z*l - 23 = -5*n. Calculate the greatest common divisor of 14 and l.
14
Suppose 0 = h - 3*h + 272. What is the greatest common factor of 17 and h?
17
Let l(m) = m**2 + m + 22. Let i be l(0). Suppose 4*f - 2*f - i = 0. Suppose 3*u = 5*u - 3*x - 51, -3*x = -u + 18. What is the highest common factor of f and u?
11
Let m(a) = a**3 + 6*a**2 - a - 6. Let f be m(-5). What is the highest common divisor of f and 96?
24
Let f be (112/(-6))/(4/(-12)). What is the highest common divisor of f and 8?
8
Let d = -49 + 69. Let c(m) = 39*m**2 + 1. Let h be c(1). Calculate the greatest common factor of d and h.
20
Let c be (-18)/108 - (-247)/6. Calculate the highest common factor of c and 287.
41
Let i be 5 + 0*(0 + 1 + 0). What is the highest common divisor of i and 5?
5
Suppose 0*v - v = 0. Suppose v = -4*l + 20, 6*l + 25 = 5*d + 3*l. Let c(g) = -g**2 + 7*g - 4. Let i be c(4). Calculate the highest common divisor of d and i.
8
Let i be -11*-1*(19 - 2). Let q be -3 + 5 - (0 + -3). Suppose 3 - 49 = -2*z - 4*p, 0 = -q*z + 2*p + 79. What is the highest common divisor of i and z?
17
Suppose 0 = -3*i - 11 + 17. What is the greatest common factor of 14 and i?
2
Let r be (42/8)/(4/32). Let v = 23 - 16. Let m = v - 0. Calculate the highest common divisor of m and r.
7
Let z = -2 - -5. Let k = 6 + 0. Let a = k - 3. Calculate the highest common divisor of z and a.
3
Let v(d) = d**2 + 3*d - 2. Let l be v(-4). Suppose -l*k - 67 = -191. Let i = k - 35. Calculate the highest common factor of i and 3.
3
Let v = -15 - -43. What is the greatest common factor of v and 70?
14
Suppose -9*n + 22*n - 338 = 0. Calculate the greatest common factor of 234 and n.
26
Suppose -2*v = -3 - 7. Suppose 3*t = 4*w - 6, -w + 4*t - v + 0 = 0. Let b be w/27*3*30. What is the greatest common factor of 10 and b?
10
Let w(g) = 15*g**2 + 4*g + 3. Let z be w(-2). Suppose -5*o = -4*r + 20, -3*r + 0*o + 2*o + 15 = 0. What is the greatest common factor of z and r?
5
Let s(x) = -x**2 + 6*x - 7. Let n be s(5). Let g be 1*4*(34 - n). Suppose 0 = -0*u - 4*u + g. What is the highest common factor of 9 and u?
9
Let x be (-255)/(-7) + (-9)/21. What is the highest common factor of x and 90?
18
Suppose -225 = -4*z - z. Suppose -2*c - 3*k + 11 = 0, -c + 3*c - 5*k = -29. Let s be c - -12 - (0 + 1). What is the greatest common factor of z and s?
9
Let d(r) = -r - 2. Let n be d(-2). Suppose 0*f + f - 65 = n. What is the highest common divisor of 26 and f?
13
Suppose 5*j + 2 = -2*d + j, 4 = -2*d - 5*j. Let o = 1 + d. Calculate the highest common factor of o and 36.
4
Suppose 2*a - 6 = -a - 3*w, 5*w - 2 = -a. Suppose a*n = -n + 48. Calculate the highest common factor of 80 and n.
16
Let x(c) = -2*c**3 + 1. Let o be x(-1). Let h be ((-9)/1)/(-3) - (-78)/13. Calculate the greatest common factor of o and h.
3
Suppose -4*u + 3*a - 28 = 0, 2*u - 3*a = -5*a. Let q = 9 + -7. Let t = q - u. Calculate the highest common divisor of 6 and t.
6
Suppose -5*g = -31 - 159. Let s = -24 + g. Let j(i) = i**3 + 3*i**2 - 4*i + 2. Let u be j(4). What is the greatest common divisor of u and s?
14
Let a(r) = -27*r + 1. Let n be a(-5). Let f = n - 8. Calculate the highest common factor of f and 16.
16
Suppose -47 + 7 = -4*v. Let n = 32 - 32. Let x = v - n. Calculate the greatest common divisor of 80 and x.
10
Suppose x - 10 = -9. Suppose 0 = -3*n + 15 - 0, -5*w + n = 0. Suppose w = s - x. What is the highest common divisor of 6 and s?
2
Let i = -72 - -102. Calculate the highest common divisor of i and 15.
15
Suppose -7*l + 3*l + 36 = 0. What is the highest common divisor of l and 18?
9
Suppose -5*v = -3*o - 2, 4*v - 4*o = o - 1. Let m be (3 + -2)/(v/13). Let n be ((-117)/(-2))/((-2)/(-4)). What is the highest common factor of n and m?
13
Suppose 4*y - 28 - 9 = -3*a, 60 = 5*a + 5*y. What is the greatest common factor of 11 and a?
11
Suppose -11*h = -98 - 133. What is the greatest common factor of 63 and h?
21
Suppose 7*f - 17 - 4 = 0. Let r be (84/8)/(f/4). Calculate the greatest common factor of r and 112.
14
Suppose 0 = 8*m - m - 588. What is the greatest common factor of 28 and m?
28
Suppose -r + 211 = 4*n + 2*r, r = 2*n - 93. Calculate the greatest common divisor of n and 7.
7
Let p(t) = -4*t - 31. Let a(j) = -j - 6. Let c(v) = -11*a(v) + 2*p(v). Let b be c(3). What is the greatest common factor of 65 and b?
13
Let t be 5 - (2 - -1) - -12. What is the greatest common divisor of 56 and t?
14
Let v = -19 - -27. What is the greatest common factor of 6 and v?
2
Suppose 0*z - 4*z + 37 = 3*p, 5 = 5*z. Calculate the greatest common factor of p and 11.
11
Let y(v) = 5*v**3 - 3*v**2 + 4*v - 1. Let w be (6/(-4))/((-2)/4). Let n be y(w). What is the greatest common factor of n and 17?
17
Suppose -2*f + 0*f = -18. What is the highest common factor of f and 1?
1
Suppose -2*o = -o - 28. Let s(y) = y**3 - 3*y**2 + 3*y - 1. Let w be s(2). Let b(r) = r + 3. Let i be b(w). Calculate the greatest common divisor of i and o.
4
Suppose 4*w - 172 = 180. What is the greatest common factor of w and 11?
11
Let i(t) = t - 5. Let y be i(7). What is the highest common factor of y and 14?
2
Let h(g) = -g**2 - 3*g + 3. Let d be h(-3). Suppose -3*p - j - j = -37, -d*j - 5 = -p. What is the greatest common divisor of p and 22?
11
Let u = 124 - 110. What is the greatest common factor of u and 2?
2
Suppose 2*r + 50 = 5*r + 5*o, 2 = 2*o. Calculate the highest common divisor of r and 165.
15
Suppose -152 + 17 = -3*b. Let p = -59 + 68. What is the highest common factor of b and p?
9
Suppose -b = v + 2*v - 24, -2*b = -v - 27. Calculate the greatest common divisor of b and 165.
15
Let t(p) = -p**3 + 5*p**2 + 3*p - 5. Let o be t(5). Let s(h) = -2*h + 37. Let m be s(16). Calculate the greatest common divisor of m and o.
5
Suppose 5*q = -4*p + 1015, -3*p - 3*q + 615 = -150. Suppose -g - 4*g = -4*u - p, 3*g - 148 = 4*u. Calculate the greatest common divisor of g and 14.
14
Let d = 34 - 19. Let v = 4 + 26. What is the highest common factor of v and d?
15
Suppose 36*b = 34*b + 112. Calculate the greatest common factor of 140 and b.
28
Let p(m) = -m**2 + 7*m - 9. Let i be p(5). Calculate the highest common divisor of i and 4.
1
Let m = -11 + 1. Let p be -2 + 5/(m/(-228)). Let y(g) = -3*g - 4. Let f be y(-6). Calculate the greatest common divisor of p and f.
14
Suppose 3*n + 2*n = 15. Suppose n*m + 167 + 210 = 4*t, -5*t = m - 476. What is the highest common divisor of 19 and t?
19
Let f be -7 + 10 - 1*(1 + -1). Calculate the highest common factor of f and 12.
3
Suppose 2*i - i - 16 = 0. Let v = 19 - 11. Calculate the highest common divisor of v and i.
8
Suppose 0 = -j + 2*n + 13, -5*n - 25 = -5*j - 3*n. What is the greatest common factor of 48 and j?
3
Let u(f) = 3 - 2*f - 2*f**2 + 5*f**2 - 2*f**2. Let m be u(-5). Let v = 94 - m. What is the highest common factor of 7 and v?
7
Let d(a) = -5*a + 6. Let w be d(6). Let j = -11 - w. Calculate the highest common factor of j and 78.
13
Let r(o) = o**2 + 10*o - 6. Let t be r(4). Calculate the highest common divisor of t and 20.
10
Let f be -4 - 118*(-2 + 6/4). What is the greatest common factor of 5 and f?
5
Suppose -10*a + 15*a = -20. Let r(o) = o**3 + 4*o**2 - 2*o - 4. Let h be r(a). What is the highest common divisor of h and 32?
4
Let r(g) = -g**3 + 23*g**2 + 27*g - 32. Let v be r(24). Let q = -12 - -17. Calculate the highest common divisor of v and q.
5
Suppose -14*s + 15*s = 88. Calculate the highest common divisor of 22 and s.
22
Let y = 9 - 2. Let x(z) = 3*z - 2. Let s be x(3). Suppose 2*k - s = -h, 0 = -3*k - 0*k. What is the highest common factor of y and h?
7
Let n be ((-150)/9)/((-1)/3). Suppose 5*i = 5*r + 100, 5*i = 3*r - 7*r + 100. Calculate the greatest common divisor of i and n.
10
Suppose -237 - 478 = -4*l - 5*w, -l + 184 = -4*w. Suppose 6*h - l = h. Suppose 5*y + 4 = 49. What is the highest common factor of h and y?
9
Let i be 3/36*8 + 1244/6. Calculate the greatest common factor of 16 and i.
16
Let g be -1*5/1*-1. Suppose -14 = -2*i - g*l - 66, -5*i + 2*l - 72 = 0. Let k = -7 - i. What is the highest common divisor of 9 a